{"id":30,"date":"2023-08-01T16:02:55","date_gmt":"2023-08-01T16:02:55","guid":{"rendered":"https:\/\/fusspflege-thode-eckernfoerde.de\/?page_id=30"},"modified":"2023-09-16T08:54:48","modified_gmt":"2023-09-16T08:54:48","slug":"startseite","status":"publish","type":"page","link":"https:\/\/fusspflege-thode-eckernfoerde.de\/startseite\/","title":{"rendered":"Startseite"},"content":{"rendered":"<p>[et_pb_section fb_built=&#8220;1&#8243; admin_label=&#8220;Header&#8220; _builder_version=&#8220;4.20.0&#8243; _module_preset=&#8220;default&#8220; background_color=&#8220;gcid-c0d903dc-93ac-4ecc-8236-73ef6305c15d&#8220; custom_padding=&#8220;0px|||||&#8220; locked=&#8220;off&#8220; collapsed=&#8220;on&#8220; global_colors_info=&#8220;{%22gcid-c0d903dc-93ac-4ecc-8236-73ef6305c15d%22:%91%22background_color%22%93}&#8220;][et_pb_row column_structure=&#8220;3_5,2_5&#8243; use_custom_gutter=&#8220;on&#8220; gutter_width=&#8220;1&#8243; make_equal=&#8220;on&#8220; _builder_version=&#8220;4.20.0&#8243; _module_preset=&#8220;default&#8220; custom_margin=&#8220;||||false|false&#8220; custom_padding=&#8220;0px||0px||false|false&#8220; global_colors_info=&#8220;{}&#8220;][et_pb_column type=&#8220;3_5&#8243; _builder_version=&#8220;4.20.0&#8243; _module_preset=&#8220;default&#8220; background_color=&#8220;#5E5E4E&#8220; custom_padding=&#8220;140px|30px|140px|30px|true|true&#8220; global_colors_info=&#8220;{}&#8220;][et_pb_text _builder_version=&#8220;4.21.0&#8243; _module_preset=&#8220;8654d470-2678-4192-b916-615521f6e7cd&#8220; header_font=&#8220;Merriweather|700||on|||||&#8220; header_text_align=&#8220;center&#8220; header_text_color=&#8220;#FFFFFF&#8220; z_index=&#8220;500&#8243; global_colors_info=&#8220;{}&#8220;]<\/p>\n<h1>Fu\u00dfpflege Thode<\/h1>\n<p>[\/et_pb_text][et_pb_text _builder_version=&#8220;4.21.0&#8243; _module_preset=&#8220;3c9867ed-a062-4803-8634-30b27c3507f3&#8243; header_4_text_color=&#8220;#FFFFFF&#8220; z_index=&#8220;500&#8243; text_orientation=&#8220;center&#8220; global_colors_info=&#8220;{}&#8220;]<\/p>\n<h4>medizinische Fu\u00dfpflege und manik\u00fcre<\/h4>\n<h4><\/h4>\n<p>[\/et_pb_text][et_pb_image src=&#8220;https:\/\/fusspflege-thode-eckernfoerde.de\/wp-content\/uploads\/2023\/08\/wellness-1.png&#8220; title_text=&#8220;wellness-1&#8243; _builder_version=&#8220;4.20.0&#8243; _module_preset=&#8220;default&#8220; positioning=&#8220;absolute&#8220; position_origin_a=&#8220;bottom_right&#8220; vertical_offset=&#8220;22%&#8220; horizontal_offset=&#8220;3%&#8220; max_height=&#8220;260px&#8220; locked=&#8220;off&#8220; global_colors_info=&#8220;{}&#8220;][\/et_pb_image][\/et_pb_column][et_pb_column type=&#8220;2_5&#8243; _builder_version=&#8220;4.20.0&#8243; _module_preset=&#8220;default&#8220; background_enable_color_tablet=&#8220;off&#8220; global_colors_info=&#8220;{}&#8220;][et_pb_image src=&#8220;https:\/\/fusspflege-thode-eckernfoerde.de\/wp-content\/uploads\/2023\/08\/wellness-16.jpg&#8220; title_text=&#8220;wellness-16&#8243; align=&#8220;center&#8220; src_tablet=&#8220;https:\/\/fusspflege-thode-eckernfoerde.de\/wp-content\/uploads\/2023\/08\/wellness-16.jpg&#8220; src_phone=&#8220;https:\/\/fusspflege-thode-eckernfoerde.de\/wp-content\/uploads\/2023\/08\/wellness-16.jpg&#8220; src_last_edited=&#8220;on|phone&#8220; disabled_on=&#8220;on|on|off&#8220; _builder_version=&#8220;4.21.0&#8243; _module_preset=&#8220;default&#8220; position_origin_a=&#8220;bottom_left&#8220; position_origin_a_tablet=&#8220;bottom_left&#8220; position_origin_a_phone=&#8220;bottom_left&#8220; position_origin_a_last_edited=&#8220;on|tablet&#8220; position_origin_f_tablet=&#8220;&#8220; position_origin_f_phone=&#8220;&#8220; position_origin_f_last_edited=&#8220;on|tablet&#8220; position_origin_r_tablet=&#8220;&#8220; position_origin_r_phone=&#8220;&#8220; position_origin_r_last_edited=&#8220;on|tablet&#8220; width=&#8220;100%&#8220; max_height_tablet=&#8220;300px&#8220; max_height_phone=&#8220;300px&#8220; max_height_last_edited=&#8220;on|tablet&#8220; custom_margin=&#8220;||||false|false&#8220; positioning_tablet=&#8220;none&#8220; positioning_phone=&#8220;none&#8220; positioning_last_edited=&#8220;on|tablet&#8220; locked=&#8220;off&#8220; global_colors_info=&#8220;{}&#8220;][\/et_pb_image][\/et_pb_column][\/et_pb_row][\/et_pb_section][et_pb_section fb_built=&#8220;1&#8243; admin_label=&#8220;Services&#8220; _builder_version=&#8220;4.22.0&#8243; _module_preset=&#8220;default&#8220; background_color=&#8220;gcid-c0d903dc-93ac-4ecc-8236-73ef6305c15d&#8220; collapsed=&#8220;on&#8220; global_colors_info=&#8220;{%22gcid-c0d903dc-93ac-4ecc-8236-73ef6305c15d%22:%91%22background_color%22%93}&#8220;][et_pb_row column_structure=&#8220;1_2,1_2&#8243; use_custom_gutter=&#8220;on&#8220; gutter_width=&#8220;2&#8243; make_equal=&#8220;on&#8220; _builder_version=&#8220;4.20.0&#8243; _module_preset=&#8220;default&#8220; custom_padding=&#8220;||0px||false|false&#8220; global_colors_info=&#8220;{}&#8220;][et_pb_column type=&#8220;1_2&#8243; _builder_version=&#8220;4.20.0&#8243; _module_preset=&#8220;default&#8220; background_color=&#8220;#FFFFFF&#8220; custom_padding=&#8220;60px|60px|60px|60px|true|true&#8220; custom_padding_tablet=&#8220;30px|30px|30px|30px|true|true&#8220; custom_padding_phone=&#8220;20px|20px|20px|20px|true|true&#8220; custom_padding_last_edited=&#8220;on|desktop&#8220; global_colors_info=&#8220;{}&#8220; custom_padding__hover_enabled=&#8220;on|hover&#8220; custom_padding__hover=&#8220;50px||70px||false|true&#8220;][et_pb_blurb title=&#8220;Medizinische Fu\u00dfpflege&#8220; image=&#8220;https:\/\/fusspflege-thode-eckernfoerde.de\/wp-content\/uploads\/2023\/09\/Fuss.png&#8220; image_icon_width=&#8220;40%&#8220; _builder_version=&#8220;4.22.1&#8243; _module_preset=&#8220;145e5cd2-7acd-4ee2-ba0b-650e095693d3&#8243; header_font=&#8220;|700|||||||&#8220; header_font_size=&#8220;24px&#8220; header_font_size_phone=&#8220;15px&#8220; locked=&#8220;off&#8220; global_colors_info=&#8220;{%22gcid-cc1e7daa-e7a2-44d1-a6d4-86221a549f5c%22:%91%22link_text_color%22,%22link_text_color%22%93,%22gcid-c89f5116-e22d-4a85-9acd-d2301e8087e7%22:%91%22header_4_text_color%22,%22header_4_text_color%22,%22header_text_color%22%93}&#8220; title__hover_enabled=&#8220;off|desktop&#8220; content__hover_enabled=&#8220;on|hover&#8220; content__hover=&#8220;<\/p>\n<p>Neben dem Wohlf\u00fchlfaktor k\u00f6nnen auch Probleme, wie zum Beispiel eingewachsene N\u00e4gel, Druckstellen oder Fu\u00dfpilz erkannt und behandelt werden. F\u00fcr Diabetiker ist eine medizinische Fu\u00dfpflege unverzichtbar, da so Ver\u00e4nderungen und Verletzungen der F\u00fc\u00dfe rechtzeitig erkannt werden k\u00f6nnen. G\u00f6nnen Sie Ihren F\u00fc\u00dfen etwas Gutes. Sie werden es Ihnen danken, denn die F\u00fc\u00dfe tragen Sie ein Leben lang.<\/p>\n<p>&#8220; title__hover=&#8220;Medizinische Fu\u00dfpflege&#8220;]<\/p>\n<p>G\u00f6nnen Sie Ihren F\u00fc\u00dfen etwas Gutes. Sie werden es Ihnen danken, denn sie tragen Sie ein Leben lang.<\/p>\n<p>[\/et_pb_blurb][\/et_pb_column][et_pb_column type=&#8220;1_2&#8243; _builder_version=&#8220;4.20.0&#8243; _module_preset=&#8220;default&#8220; background_color=&#8220;gcid-cc1e7daa-e7a2-44d1-a6d4-86221a549f5c&#8220; custom_padding=&#8220;60px|60px|60px|60px|true|true&#8220; custom_padding_tablet=&#8220;30px|30px|30px|30px|true|true&#8220; custom_padding_phone=&#8220;20px|20px|20px|20px|true|true&#8220; custom_padding_last_edited=&#8220;on|desktop&#8220; global_colors_info=&#8220;{%22gcid-cc1e7daa-e7a2-44d1-a6d4-86221a549f5c%22:%91%22background_color%22%93}&#8220; custom_padding__hover=&#8220;50px||70px||false|true&#8220; custom_padding__hover_enabled=&#8220;on|desktop&#8220;][et_pb_blurb title=&#8220;Fu\u00dfreflexzonenmassage&#8220; image=&#8220;https:\/\/fusspflege-thode-eckernfoerde.de\/wp-content\/uploads\/2023\/09\/Fuss-2.png&#8220; image_icon_width=&#8220;40%&#8220; _builder_version=&#8220;4.22.1&#8243; _module_preset=&#8220;6a8e0ba6-0739-4b06-9d02-2a614775f6cb&#8220; header_font=&#8220;|700|||||||&#8220; body_text_color=&#8220;#FFFFFF&#8220; locked=&#8220;off&#8220; global_colors_info=&#8220;{%22gcid-cc1e7daa-e7a2-44d1-a6d4-86221a549f5c%22:%91%22link_text_color%22,%22link_text_color%22,%22link_text_color%22,%22link_text_color%22,%22link_text_color%22,%22link_text_color%22,%22link_text_color%22,%22link_text_color%22,%22link_text_color%22%93,%22gcid-c89f5116-e22d-4a85-9acd-d2301e8087e7%22:%91%22header_4_text_color%22,%22header_4_text_color%22,%22header_4_text_color%22,%22header_4_text_color%22,%22header_4_text_color%22,%22header_4_text_color%22,%22header_4_text_color%22,%22header_4_text_color%22,%22header_4_text_color%22%93}&#8220; body_text_color__hover_enabled=&#8220;off|desktop&#8220; content__hover_enabled=&#8220;on|hover&#8220; content__hover=&#8220;<\/p>\n<p>Bei einer Fu\u00dfreflexzonen-Massage werden die einzelnen Bereiche des gesamten Fu\u00dfes durch eine spezielle Druckmassage behandelt. Dabei wird die Durchblutung angeregt. Da die F\u00fc\u00dfe \u00fcber Nervenbahnen mit allen Organen des K\u00f6rpers miteinander verkn\u00fcpft sind, kann eine Selbstheilung einzelner Organe aktiviert werden.<\/p>\n<p>&#8222;]<\/p>\n<p>G\u00f6nnen Sie sich eine Auszeit vom Alltagsstress und genie\u00dfen Sie eine stimulierende Massage Ihrer F\u00fc\u00dfe.<\/p>\n<p>[\/et_pb_blurb][\/et_pb_column][\/et_pb_row][et_pb_row column_structure=&#8220;1_2,1_2&#8243; use_custom_gutter=&#8220;on&#8220; gutter_width=&#8220;2&#8243; make_equal=&#8220;on&#8220; _builder_version=&#8220;4.20.0&#8243; _module_preset=&#8220;default&#8220; global_colors_info=&#8220;{}&#8220;][et_pb_column type=&#8220;1_2&#8243; _builder_version=&#8220;4.20.0&#8243; _module_preset=&#8220;default&#8220; background_color=&#8220;gcid-c89f5116-e22d-4a85-9acd-d2301e8087e7&#8243; custom_padding=&#8220;60px|60px|60px|60px|true|true&#8220; custom_padding_tablet=&#8220;30px|30px|30px|30px|true|true&#8220; custom_padding_phone=&#8220;20px|20px|20px|20px|true|true&#8220; custom_padding_last_edited=&#8220;on|desktop&#8220; global_colors_info=&#8220;{%22gcid-c89f5116-e22d-4a85-9acd-d2301e8087e7%22:%91%22background_color%22%93}&#8220; custom_padding__hover=&#8220;50px||70px||false|true&#8220; custom_padding__hover_enabled=&#8220;on|hover&#8220;][et_pb_blurb title=&#8220;Nagelmodellage&#8220; image=&#8220;https:\/\/fusspflege-thode-eckernfoerde.de\/wp-content\/uploads\/2023\/09\/kisspng-drawing-hand-palm-woman-sketch-download-weampaposd-love-to-have-you-join-our-t-5d40a6682b3150.6387000015645179921769.png&#8220; image_icon_width=&#8220;50%&#8220; _builder_version=&#8220;4.22.1&#8243; _module_preset=&#8220;6a8e0ba6-0739-4b06-9d02-2a614775f6cb&#8220; header_font=&#8220;|700|||||||&#8220; body_text_color=&#8220;#FFFFFF&#8220; hover_enabled=&#8220;0&#8243; locked=&#8220;off&#8220; global_colors_info=&#8220;{%22gcid-cc1e7daa-e7a2-44d1-a6d4-86221a549f5c%22:%91%22link_text_color%22,%22link_text_color%22,%22link_text_color%22,%22link_text_color%22,%22link_text_color%22,%22link_text_color%22%93,%22gcid-c89f5116-e22d-4a85-9acd-d2301e8087e7%22:%91%22header_4_text_color%22,%22header_4_text_color%22,%22header_text_color%22,%22header_4_text_color%22,%22header_4_text_color%22,%22header_text_color%22,%22header_4_text_color%22,%22header_4_text_color%22%93}&#8220; body_text_color__hover_enabled=&#8220;off|desktop&#8220; content__hover_enabled=&#8220;on|hover&#8220; content__hover=&#8220;<\/p>\n<p>Ob zu einem besonderen Anlass oder als \u201ekleines Extra\u201c f\u00fcr Sie. Naturnagelverst\u00e4rkung, k\u00fcnstlich Nagelverl\u00e4ngerung und kleine Verzierungen biete ich Ihnen ebenfalls gerne an. Lassen Sie sich von 25 Jahren Erfahrung in der Nagelmodellage \u00fcberzeugen.<\/p>\n<p>&#8220; sticky_enabled=&#8220;0&#8243;]<\/p>\n<p>Das individuelle Finish f\u00fcr Ihre H\u00e4nde.<\/p>\n<p>[\/et_pb_blurb][\/et_pb_column][et_pb_column type=&#8220;1_2&#8243; _builder_version=&#8220;4.20.0&#8243; _module_preset=&#8220;default&#8220; background_color=&#8220;#FFFFFF&#8220; custom_padding=&#8220;60px|60px|60px|60px|true|true&#8220; custom_padding_tablet=&#8220;30px|30px|30px|30px|true|true&#8220; custom_padding_phone=&#8220;20px|20px|20px|20px|true|true&#8220; custom_padding_last_edited=&#8220;on|desktop&#8220; global_colors_info=&#8220;{}&#8220; custom_padding__hover=&#8220;50px||70px||false|true&#8220; custom_padding__hover_enabled=&#8220;on|hover&#8220;][et_pb_blurb title=&#8220;Manik\u00fcre&#8220; image=&#8220;https:\/\/fusspflege-thode-eckernfoerde.de\/wp-content\/uploads\/2023\/09\/Hand-Blume.png&#8220; image_icon_width=&#8220;30%&#8220; _builder_version=&#8220;4.22.1&#8243; _module_preset=&#8220;145e5cd2-7acd-4ee2-ba0b-650e095693d3&#8243; header_font=&#8220;|700|||||||&#8220; header_font_size=&#8220;24px&#8220; header_font_size_phone=&#8220;15px&#8220; locked=&#8220;off&#8220; global_colors_info=&#8220;{%22gcid-cc1e7daa-e7a2-44d1-a6d4-86221a549f5c%22:%91%22link_text_color%22,%22link_text_color%22,%22link_text_color%22,%22link_text_color%22,%22link_text_color%22%93,%22gcid-c89f5116-e22d-4a85-9acd-d2301e8087e7%22:%91%22header_4_text_color%22,%22header_4_text_color%22,%22header_text_color%22,%22header_4_text_color%22,%22header_4_text_color%22,%22header_text_color%22,%22header_4_text_color%22,%22header_text_color%22%93}&#8220; content__hover_enabled=&#8220;on|hover&#8220; content__hover=&#8220;<\/p>\n<p>Eine Manik\u00fcre und Handmassage wirkt entspannend und l\u00e4sst Ihre H\u00e4nde in neuem Glanz erstrahlen. Auf Wunsch versch\u00f6nere ich Ihre Fingern\u00e4gel mit French Manik\u00fcre oder einem Lack aus meinem umfangreichen Sortiment.<\/p>\n<p>&#8222;]<\/p>\n<p>Lassen Sie Ihre H\u00e4nde verw\u00f6hnen, denn sie sind Ihre Visitenkarte.<\/p>\n<p>[\/et_pb_blurb][\/et_pb_column][\/et_pb_row][\/et_pb_section][et_pb_section fb_built=&#8220;1&#8243; admin_label=&#8220;About me&#8220; _builder_version=&#8220;4.20.0&#8243; _module_preset=&#8220;default&#8220; background_color=&#8220;gcid-c0d903dc-93ac-4ecc-8236-73ef6305c15d&#8220; custom_padding=&#8220;0px|||||&#8220; locked=&#8220;off&#8220; collapsed=&#8220;off&#8220; global_colors_info=&#8220;{%22gcid-c0d903dc-93ac-4ecc-8236-73ef6305c15d%22:%91%22background_color%22%93}&#8220;][et_pb_row column_structure=&#8220;3_5,2_5&#8243; use_custom_gutter=&#8220;on&#8220; gutter_width=&#8220;1&#8243; make_equal=&#8220;on&#8220; _builder_version=&#8220;4.20.0&#8243; _module_preset=&#8220;default&#8220; custom_margin=&#8220;||||false|false&#8220; custom_padding=&#8220;0px||0px||false|false&#8220; global_colors_info=&#8220;{}&#8220;][et_pb_column type=&#8220;3_5&#8243; _builder_version=&#8220;4.20.0&#8243; _module_preset=&#8220;default&#8220; background_color=&#8220;#5E5E4E&#8220; custom_padding=&#8220;140px|30px|140px|30px|true|true&#8220; global_colors_info=&#8220;{}&#8220;][et_pb_image src=&#8220;https:\/\/fusspflege-thode-eckernfoerde.de\/wp-content\/uploads\/2023\/08\/wellness-3b.png&#8220; title_text=&#8220;wellness-3b&#8220; _builder_version=&#8220;4.22.1&#8243; _module_preset=&#8220;default&#8220; positioning=&#8220;absolute&#8220; position_origin_a=&#8220;bottom_right&#8220; vertical_offset=&#8220;22%&#8220; horizontal_offset=&#8220;3%&#8220; max_height=&#8220;260px&#8220; hover_enabled=&#8220;0&#8243; locked=&#8220;off&#8220; global_colors_info=&#8220;{}&#8220; sticky_enabled=&#8220;0&#8243;][\/et_pb_image][et_pb_blurb title=&#8220;\u00dcber mich&#8220; image_icon_width=&#8220;50%&#8220; _builder_version=&#8220;4.22.1&#8243; _module_preset=&#8220;6a8e0ba6-0739-4b06-9d02-2a614775f6cb&#8220; header_font=&#8220;|700|||||||&#8220; body_text_color=&#8220;#FFFFFF&#8220; hover_enabled=&#8220;0&#8243; locked=&#8220;off&#8220; global_colors_info=&#8220;{%22gcid-cc1e7daa-e7a2-44d1-a6d4-86221a549f5c%22:%91%22link_text_color%22,%22link_text_color%22,%22link_text_color%22,%22link_text_color%22,%22link_text_color%22,%22link_text_color%22%93,%22gcid-c89f5116-e22d-4a85-9acd-d2301e8087e7%22:%91%22header_4_text_color%22,%22header_4_text_color%22,%22header_text_color%22,%22header_4_text_color%22,%22header_4_text_color%22,%22header_text_color%22,%22header_4_text_color%22,%22header_4_text_color%22%93}&#8220; body_text_color__hover_enabled=&#8220;off|desktop&#8220; content__hover_enabled=&#8220;off|desktop&#8220; content__hover=&#8220;<\/p>\n<p>Ob zu einem besonderen Anlass oder als \u201ekleines Extra\u201c f\u00fcr Sie. Naturnagelverst\u00e4rkung, k\u00fcnstlich Nagelverl\u00e4ngerung und kleine Verzierungen biete ich Ihnen ebenfalls gerne an. Lassen Sie sich von 25 Jahren Erfahrung in der Nagelmodellage \u00fcberzeugen.<\/p>\n<p>&#8220; sticky_enabled=&#8220;0&#8243; use_icon=&#8220;on&#8220;]<\/p>\n<p>Vor mittlerweile 25 Jahren habe ich den Weg in die Selbstst\u00e4ndigkeit gew\u00e4hlt und zun\u00e4chst mit der Kunstnagelmodellage begonnen. Im Jahr 2002 absolvierte ich erfolgreich die Ausbildung zur medizinischen Fu\u00dfpflege an der \u201eKieler Kosmetikschule\u201c.<br \/>Ich freue mich immer wieder, wenn ich meinen Kunden und Patienten helfen kann, indem ich die F\u00fc\u00dfe und H\u00e4nde gepflegt erscheinen lasse. Oft kann ich dabei unterst\u00fctzen Schmerzen in den F\u00fc\u00dfen durch die med.Fu\u00dfpflege zu lindern oder gar g\u00e4nzlich zu befreien.<br \/>Ich freue mich auf Ihren Besuch.<\/p>\n<p>[\/et_pb_blurb][\/et_pb_column][et_pb_column type=&#8220;2_5&#8243; _builder_version=&#8220;4.20.0&#8243; _module_preset=&#8220;default&#8220; background_enable_color_tablet=&#8220;off&#8220; global_colors_info=&#8220;{}&#8220;][et_pb_image src=&#8220;https:\/\/fusspflege-thode-eckernfoerde.de\/wp-content\/uploads\/2023\/09\/20230911_101855-rotated.jpeg&#8220; title_text=&#8220;20230911_101855&#8243; align=&#8220;center&#8220; src_tablet=&#8220;https:\/\/fusspflege-thode-eckernfoerde.de\/wp-content\/uploads\/2023\/09\/20230911_101855-rotated.jpeg&#8220; src_phone=&#8220;https:\/\/fusspflege-thode-eckernfoerde.de\/wp-content\/uploads\/2023\/09\/20230911_101855-rotated.jpeg&#8220; src_last_edited=&#8220;on|desktop&#8220; disabled_on=&#8220;off|off|off&#8220; _builder_version=&#8220;4.22.1&#8243; _module_preset=&#8220;default&#8220; position_origin_a=&#8220;bottom_left&#8220; position_origin_a_tablet=&#8220;bottom_left&#8220; position_origin_a_phone=&#8220;bottom_left&#8220; position_origin_a_last_edited=&#8220;on|tablet&#8220; position_origin_f_tablet=&#8220;&#8220; position_origin_f_phone=&#8220;&#8220; position_origin_f_last_edited=&#8220;on|tablet&#8220; position_origin_r_tablet=&#8220;&#8220; position_origin_r_phone=&#8220;&#8220; position_origin_r_last_edited=&#8220;on|tablet&#8220; width=&#8220;100%&#8220; max_height_tablet=&#8220;300px&#8220; max_height_phone=&#8220;300px&#8220; max_height_last_edited=&#8220;on|tablet&#8220; custom_margin=&#8220;||||false|false&#8220; hover_enabled=&#8220;0&#8243; positioning_tablet=&#8220;none&#8220; positioning_phone=&#8220;none&#8220; positioning_last_edited=&#8220;on|tablet&#8220; locked=&#8220;off&#8220; global_colors_info=&#8220;{}&#8220; background_color=&#8220;#C3C7A4&#8243; custom_padding=&#8220;80px||80px||false|false&#8220; border_radii=&#8220;on|20px|20px|20px|20px&#8220; border_width_all=&#8220;10px&#8220; border_color_all=&#8220;#5E5E4E&#8220; box_shadow_style=&#8220;preset1&#8243; animation_style=&#8220;fade&#8220; sticky_enabled=&#8220;0&#8243;][\/et_pb_image][\/et_pb_column][\/et_pb_row][\/et_pb_section][et_pb_section fb_built=&#8220;1&#8243; _builder_version=&#8220;4.20.0&#8243; _module_preset=&#8220;default&#8220; use_background_color_gradient=&#8220;on&#8220; background_color_gradient_stops=&#8220;rgba(156,155,138,0.52) 0%|#bcbcaa 100%&#8220; background_color_gradient_overlays_image=&#8220;on&#8220; background_image=&#8220;https:\/\/fusspflege-thode-eckernfoerde.de\/wp-content\/uploads\/2023\/08\/wellness-24.jpg&#8220; custom_padding=&#8220;14vw||14vw||true|false&#8220; global_colors_info=&#8220;{}&#8220; collapsed=&#8220;on&#8220;][et_pb_row column_structure=&#8220;1_2,1_2&#8243; _builder_version=&#8220;4.21.0&#8243; _module_preset=&#8220;default&#8220; global_colors_info=&#8220;{}&#8220;][et_pb_column type=&#8220;1_2&#8243; _builder_version=&#8220;4.20.0&#8243; _module_preset=&#8220;default&#8220; global_colors_info=&#8220;{}&#8220;][et_pb_text _builder_version=&#8220;4.21.0&#8243; _module_preset=&#8220;default&#8220; text_font_size=&#8220;25px&#8220; text_letter_spacing=&#8220;10px&#8220; text_line_height=&#8220;1.8em&#8220; global_colors_info=&#8220;{}&#8220;]<\/p>\n<p>Domsland 181<br \/>24340 Eckernf\u00f6rde<br \/>04351 8998062<br \/><a href=\"mailto:info@fusspflege-thode-eckernfoerde.de\"><span id=\"et-info-email\">info@fusspflege-thode-eckernfoerde.de<\/span><\/a><\/p>\n<p>[\/et_pb_text][\/et_pb_column][et_pb_column type=&#8220;1_2&#8243; _builder_version=&#8220;4.20.0&#8243; _module_preset=&#8220;default&#8220; global_colors_info=&#8220;{}&#8220;][et_pb_code _builder_version=&#8220;4.21.0&#8243; _module_preset=&#8220;default&#8220; width=&#8220;90%&#8220; min_height=&#8220;100px&#8220; height=&#8220;305px&#8220; border_radii=&#8220;on|10px|10px|10px|10px&#8220; border_width_all=&#8220;4px&#8220; box_shadow_style=&#8220;preset1&#8243; global_colors_info=&#8220;{}&#8220;]<iframe src=\"https:\/\/www.google.com\/maps\/embed?pb=!1m18!1m12!1m3!1d2319.719179208769!2d9.818641877055434!3d54.45024349155756!2m3!1f0!2f0!3f0!3m2!1i1024!2i768!4f13.1!3m3!1m2!1s0x47b3065e7dfbd813%3A0x23b3f2ad6fe8c6ec!2sHannelore%20Thode!5e0!3m2!1sde!2sde!4v1690986606367!5m2!1sde!2sde\" width=\"450\" height=\"300\" style=\"border:0;\" allowfullscreen=\"\" loading=\"lazy\" referrerpolicy=\"no-referrer-when-downgrade\"><\/iframe>[\/et_pb_code][\/et_pb_column][\/et_pb_row][\/et_pb_section][et_pb_section fb_built=&#8220;1&#8243; admin_label=&#8220;Testimonials&#8220; _builder_version=&#8220;4.20.0&#8243; _module_preset=&#8220;default&#8220; background_color=&#8220;gcid-c0d903dc-93ac-4ecc-8236-73ef6305c15d&#8220; saved_tabs=&#8220;all&#8220; collapsed=&#8220;on&#8220; global_colors_info=&#8220;{%22gcid-c0d903dc-93ac-4ecc-8236-73ef6305c15d%22:%91%22background_color%22%93}&#8220;][et_pb_row _builder_version=&#8220;4.20.0&#8243; _module_preset=&#8220;default&#8220; locked=&#8220;off&#8220; global_colors_info=&#8220;{}&#8220;][et_pb_column type=&#8220;4_4&#8243; _builder_version=&#8220;4.20.0&#8243; _module_preset=&#8220;default&#8220; global_colors_info=&#8220;{}&#8220;][et_pb_icon font_icon=&#8220;&#xf10d;||fa||900&#8243; icon_color=&#8220;gcid-c89f5116-e22d-4a85-9acd-d2301e8087e7&#8243; icon_width=&#8220;64px&#8220; _builder_version=&#8220;4.20.0&#8243; _module_preset=&#8220;default&#8220; global_colors_info=&#8220;{%22gcid-c89f5116-e22d-4a85-9acd-d2301e8087e7%22:%91%22icon_color%22%93}&#8220;][\/et_pb_icon][et_pb_slider arrows_custom_color=&#8220;gcid-c89f5116-e22d-4a85-9acd-d2301e8087e7&#8243; dot_nav_custom_color=&#8220;gcid-c89f5116-e22d-4a85-9acd-d2301e8087e7&#8243; _builder_version=&#8220;4.21.0&#8243; _module_preset=&#8220;default&#8220; header_font=&#8220;Merriweather|700|||||||&#8220; header_text_color=&#8220;gcid-c89f5116-e22d-4a85-9acd-d2301e8087e7&#8243; header_font_size=&#8220;30px&#8220; header_line_height=&#8220;1.4em&#8220; body_font=&#8220;Inter|700|||||||&#8220; body_text_color=&#8220;gcid-94bea17a-6a82-40d2-a3a2-996cd1002d94&#8243; body_line_height=&#8220;1.4em&#8220; background_color=&#8220;RGBA(255,255,255,0)&#8220; custom_button=&#8220;on&#8220; button_text_size=&#8220;14px&#8220; button_text_color=&#8220;#FFFFFF&#8220; button_bg_color=&#8220;gcid-cc1e7daa-e7a2-44d1-a6d4-86221a549f5c&#8220; button_border_width=&#8220;0px&#8220; button_border_radius=&#8220;0px&#8220; button_font=&#8220;Inter|700||on|||||&#8220; button_custom_padding=&#8220;16px|24px|16px|24px|true|true&#8220; custom_padding=&#8220;0px||||false|false&#8220; header_font_size_tablet=&#8220;20px&#8220; header_font_size_phone=&#8220;16px&#8220; header_font_size_last_edited=&#8220;on|desktop&#8220; text_shadow_style=&#8220;preset1&#8243; text_shadow_color=&#8220;RGBA(255,255,255,0)&#8220; global_colors_info=&#8220;{%22gcid-cc1e7daa-e7a2-44d1-a6d4-86221a549f5c%22:%91%22button_bg_color%22%93,%22gcid-c89f5116-e22d-4a85-9acd-d2301e8087e7%22:%91%22header_3_text_color%22,%22header_text_color%22,%22arrows_custom_color%22,%22dot_nav_custom_color%22%93,%22gcid-94bea17a-6a82-40d2-a3a2-996cd1002d94%22:%91%22body_text_color%22%93}&#8220;][et_pb_slide heading=&#8220;%22Die Frau versteht ihr Handwerk! Man f\u00fchlt sich absolut wohl! Vielen Dank daf\u00fcr.%22&#8243; _builder_version=&#8220;4.21.0&#8243; _module_preset=&#8220;default&#8220; global_colors_info=&#8220;{}&#8220; sticky_transition=&#8220;on&#8220;]<\/p>\n<p>Jan T\u00f6pfer<\/p>\n<p>[\/et_pb_slide][et_pb_slide heading=&#8220;%22Bin schon jahrelang bei Hanne Thode in Behandlung. Diesen kleinen, regelm\u00e4\u00dfigen %22Wellness-Moment%22 g\u00f6nne ich mir gerne. Nach einem Fu\u00dfbad folgt die eigentliche Behandlung, dann werden die F\u00fc\u00dfe gecremt und massiert. Eine nette Unterhaltung kr\u00f6nt das ganze noch und schon ist es da&#8230; ein gutes Gef\u00fchl%22&#8243; _builder_version=&#8220;4.21.0&#8243; _module_preset=&#8220;default&#8220; global_colors_info=&#8220;{}&#8220; sticky_transition=&#8220;on&#8220;]<\/p>\n<p>Mai Ke<\/p>\n<p>[\/et_pb_slide][et_pb_slide heading=&#8220;%22Klasse Behandlung, sch\u00f6nes Ambiente und sehr professionell. Danke,\ud83d\udc4d\ud83c\udf39 bis demn\u00e4chst.%22&#8243; _builder_version=&#8220;4.21.0&#8243; _module_preset=&#8220;default&#8220; global_colors_info=&#8220;{}&#8220; sticky_transition=&#8220;on&#8220;]<\/p>\n<p>bernhard danziger<\/p>\n<p>[\/et_pb_slide][\/et_pb_slider][\/et_pb_column][\/et_pb_row][\/et_pb_section]<\/p>\n","protected":false},"excerpt":{"rendered":"<p>Fu\u00dfpflege Thodemedizinische Fu\u00dfpflege und manik\u00fcre G\u00f6nnen Sie Ihren F\u00fc\u00dfen etwas Gutes. Sie werden es Ihnen danken, denn sie tragen Sie ein Leben lang.G\u00f6nnen Sie sich eine Auszeit vom Alltagsstress und genie\u00dfen Sie eine stimulierende Massage Ihrer F\u00fc\u00dfe.Das individuelle Finish f\u00fcr Ihre H\u00e4nde.Lassen Sie Ihre H\u00e4nde verw\u00f6hnen, denn sie sind Ihre Visitenkarte.Vor mittlerweile 25 Jahren habe [&hellip;]<\/p>\n","protected":false},"author":1,"featured_media":0,"parent":0,"menu_order":0,"comment_status":"closed","ping_status":"closed","template":"","meta":{"_et_pb_use_builder":"on","_et_pb_old_content":"","_et_gb_content_width":"","footnotes":""},"_links":{"self":[{"href":"https:\/\/fusspflege-thode-eckernfoerde.de\/startseite\/wp-json\/wp\/v2\/pages\/30"}],"collection":[{"href":"https:\/\/fusspflege-thode-eckernfoerde.de\/startseite\/wp-json\/wp\/v2\/pages"}],"about":[{"href":"https:\/\/fusspflege-thode-eckernfoerde.de\/startseite\/wp-json\/wp\/v2\/types\/page"}],"author":[{"embeddable":true,"href":"https:\/\/fusspflege-thode-eckernfoerde.de\/startseite\/wp-json\/wp\/v2\/users\/1"}],"replies":[{"embeddable":true,"href":"https:\/\/fusspflege-thode-eckernfoerde.de\/startseite\/wp-json\/wp\/v2\/comments?post=30"}],"version-history":[{"count":34,"href":"https:\/\/fusspflege-thode-eckernfoerde.de\/startseite\/wp-json\/wp\/v2\/pages\/30\/revisions"}],"predecessor-version":[{"id":151,"href":"https:\/\/fusspflege-thode-eckernfoerde.de\/startseite\/wp-json\/wp\/v2\/pages\/30\/revisions\/151"}],"wp:attachment":[{"href":"https:\/\/fusspflege-thode-eckernfoerde.de\/startseite\/wp-json\/wp\/v2\/media?parent=30"}],"curies":[{"name":"wp","href":"https:\/\/api.w.org\/{rel}","templated":true}]}}