{"id":63,"date":"2023-08-02T12:22:03","date_gmt":"2023-08-02T12:22:03","guid":{"rendered":"https:\/\/fusspflege-thode-eckernfoerde.de\/?page_id=63"},"modified":"2023-09-11T12:05:18","modified_gmt":"2023-09-11T12:05:18","slug":"datenschutz","status":"publish","type":"page","link":"https:\/\/fusspflege-thode-eckernfoerde.de\/startseite\/datenschutz\/","title":{"rendered":"Datenschutz"},"content":{"rendered":"<p>[et_pb_section fb_built=&#8220;1&#8243; admin_label=&#8220;Header&#8220; _builder_version=&#8220;4.20.0&#8243; _module_preset=&#8220;default&#8220; background_color=&#8220;gcid-c0d903dc-93ac-4ecc-8236-73ef6305c15d&#8220; custom_padding=&#8220;0px|||||&#8220; locked=&#8220;off&#8220; collapsed=&#8220;on&#8220; global_colors_info=&#8220;{%22gcid-c0d903dc-93ac-4ecc-8236-73ef6305c15d%22:%91%22background_color%22%93}&#8220;][et_pb_row column_structure=&#8220;3_5,2_5&#8243; use_custom_gutter=&#8220;on&#8220; gutter_width=&#8220;1&#8243; make_equal=&#8220;on&#8220; _builder_version=&#8220;4.21.0&#8243; _module_preset=&#8220;default&#8220; custom_margin=&#8220;||||false|false&#8220; custom_padding=&#8220;0px||0px||false|false&#8220; global_colors_info=&#8220;{}&#8220;][et_pb_column type=&#8220;3_5&#8243; _builder_version=&#8220;4.20.0&#8243; _module_preset=&#8220;default&#8220; background_color=&#8220;#5E5E4E&#8220; custom_padding=&#8220;140px|30px|140px|30px|true|true&#8220; global_colors_info=&#8220;{}&#8220;][et_pb_text _builder_version=&#8220;4.21.0&#8243; _module_preset=&#8220;8654d470-2678-4192-b916-615521f6e7cd&#8220; header_font=&#8220;Merriweather|700||on|||||&#8220; header_text_align=&#8220;center&#8220; header_text_color=&#8220;#FFFFFF&#8220; z_index=&#8220;500&#8243; global_colors_info=&#8220;{}&#8220;]<\/p>\n<h1>Datenschutz<\/h1>\n<p>[\/et_pb_text][et_pb_image src=&#8220;https:\/\/fusspflege-thode-eckernfoerde.de\/wp-content\/uploads\/2023\/08\/wellness-1.png&#8220; title_text=&#8220;wellness-1&#8243; _builder_version=&#8220;4.20.0&#8243; _module_preset=&#8220;default&#8220; positioning=&#8220;absolute&#8220; position_origin_a=&#8220;bottom_right&#8220; vertical_offset=&#8220;22%&#8220; horizontal_offset=&#8220;3%&#8220; max_height=&#8220;260px&#8220; locked=&#8220;off&#8220; global_colors_info=&#8220;{}&#8220;][\/et_pb_image][\/et_pb_column][et_pb_column type=&#8220;2_5&#8243; _builder_version=&#8220;4.20.0&#8243; _module_preset=&#8220;default&#8220; background_enable_color_tablet=&#8220;off&#8220; global_colors_info=&#8220;{}&#8220;][et_pb_image src=&#8220;https:\/\/fusspflege-thode-eckernfoerde.de\/wp-content\/uploads\/2023\/08\/wellness-16.jpg&#8220; title_text=&#8220;wellness-16&#8243; align=&#8220;right&#8220; _builder_version=&#8220;4.22.1&#8243; _module_preset=&#8220;default&#8220; position_origin_a=&#8220;bottom_left&#8220; position_origin_a_tablet=&#8220;bottom_left&#8220; position_origin_a_phone=&#8220;bottom_left&#8220; position_origin_a_last_edited=&#8220;on|tablet&#8220; position_origin_f_tablet=&#8220;&#8220; position_origin_f_phone=&#8220;&#8220; position_origin_f_last_edited=&#8220;on|tablet&#8220; position_origin_r_tablet=&#8220;&#8220; position_origin_r_phone=&#8220;&#8220; position_origin_r_last_edited=&#8220;on|tablet&#8220; width=&#8220;100%&#8220; max_height_tablet=&#8220;300px&#8220; max_height_phone=&#8220;300px&#8220; max_height_last_edited=&#8220;on|tablet&#8220; custom_margin=&#8220;||||false|false&#8220; hover_enabled=&#8220;0&#8243; positioning_tablet=&#8220;none&#8220; positioning_phone=&#8220;none&#8220; positioning_last_edited=&#8220;on|tablet&#8220; locked=&#8220;off&#8220; global_colors_info=&#8220;{}&#8220; disabled_on=&#8220;on|on|off&#8220; sticky_enabled=&#8220;0&#8243;][\/et_pb_image][\/et_pb_column][\/et_pb_row][\/et_pb_section][et_pb_section fb_built=&#8220;1&#8243; _builder_version=&#8220;4.20.0&#8243; _module_preset=&#8220;default&#8220; use_background_color_gradient=&#8220;on&#8220; background_color_gradient_stops=&#8220;rgba(156,155,138,0.52) 0%|#bcbcaa 100%&#8220; background_color_gradient_overlays_image=&#8220;on&#8220; background_image=&#8220;https:\/\/fusspflege-thode-eckernfoerde.de\/wp-content\/uploads\/2023\/08\/wellness-24.jpg&#8220; custom_padding=&#8220;14vw||14vw||true|false&#8220; global_colors_info=&#8220;{}&#8220;][et_pb_row _builder_version=&#8220;4.20.0&#8243; _module_preset=&#8220;default&#8220; global_colors_info=&#8220;{}&#8220;][et_pb_column type=&#8220;4_4&#8243; _builder_version=&#8220;4.20.0&#8243; _module_preset=&#8220;default&#8220; global_colors_info=&#8220;{}&#8220;][et_pb_text _builder_version=&#8220;4.21.0&#8243; _module_preset=&#8220;default&#8220; global_colors_info=&#8220;{}&#8220;]<\/p>\n<div><b><span>Art. 13 DSGVO \u2013 Erhebung und Verarbeitung von Daten<\/span><\/b><\/div>\n<div><b><span>\u00a0<\/span><\/b><\/div>\n<p><span>\u00a0<\/span>Wir sind uns der Bedeutung der personenbezogenen Daten, die Sie uns anvertrauen, bewusst. Wir verstehen es als eine unserer wichtigsten Aufgaben, die Vertraulichkeit Ihrer Daten sicherzustellen.<\/p>\n<p>Entsprechend der Datenschutz Grundverordnung (DSGVO) m\u00f6chten wir unserer Informationspflicht bei Erhebung von personenbezogenen Daten nachkommen und Sie transparent \u00fcber Art, Umfang und Zweck der Verarbeitung der von uns erhobenen personenbezogenen Daten informieren und Sie \u00fcber die Ihnen zustehenden Rechte aufkl\u00e4ren.<\/p>\n<div><b><span>1.<\/span><span>\u00a0\u00a0\u00a0\u00a0<\/span><\/b><b><span>Kontaktdaten des f\u00fcr die Verarbeitung Verantwortlichen<\/span><\/b><\/div>\n<div><span><\/span><\/div>\n<div><span>Verantwortlicher im Sinne der Datenschutz-Grundverordnung ist:<\/span><\/div>\n<div><\/div>\n<div><\/div>\n<div>Unternehmen: Fu\u00dfpflege Thode<span>\u00a0<\/span><\/div>\n<div>Stra\u00dfe: Domsland 181<span>\u00a0<\/span><\/div>\n<div>PLZ\/Ort: 24340 Eckernf\u00f6rde<span>\u00a0<\/span><\/div>\n<div>Tel.: 04351 8998062<\/div>\n<div>E-Mail: <a href=\"mailto:info@fusspflege-thode-eckernfoerde.de\">info@fusspflege-thode-eckernfoerde.de<\/a><\/div>\n<div><b><span>\u00a0<\/span><\/b><\/div>\n<div><b><span>2.<\/span><span>\u00a0\u00a0\u00a0\u00a0<\/span><\/b><b><span>Welche Quellen werden zur Erhebung von personenbezogenen Daten genutzt?<\/span><\/b><\/div>\n<div><\/div>\n<div>Wir verarbeiten personenbezogene Daten, die wir im Rahmen unserer Gesch\u00e4ftsbeziehung von unseren Kunden direkt erhalten. Zudem verarbeiten wir personenbezogene Daten, die wir von anderen Unternehmen z. B. zur Ausf\u00fchrung von Auftr\u00e4gen, zur Erf\u00fcllung von Vertr\u00e4gen oder aufgrund einer von Ihnen erteilten Einwilligung erhalten haben.<\/div>\n<div><\/div>\n<div>Zum anderen verarbeiten wir personenbezogene Daten, die wir aus \u00f6ffentlich zug\u00e4nglichen Quellen (z. B. Handels- und Vereinsregister, Presse, Medien, Internet) zul\u00e4ssigerweise gewonnen haben und verarbeiten d\u00fcrfen.<\/div>\n<div><\/div>\n<div>F\u00fcr uns relevante personenbezogene Daten k\u00f6nnen sein:<\/div>\n<div><b><\/b><\/div>\n<div><b>Kundenkontaktinformationen<\/b><\/div>\n<div><\/div>\n<div>Im Rahmen der Gesch\u00e4ftsanbahnungsphase und w\u00e4hrend der Gesch\u00e4ftsbeziehung, insbesondere durch pers\u00f6nliche, telefonische oder schriftliche Kontakte, durch Sie oder von einem unserer Mitarbeiter initiiert, entstehen weitere personenbezogene Daten, z. B. Informationen \u00fcber Kontaktkanal, Datum, Anlass und Ergebnis; (elektronische) Kopien des Schriftverkehrs sowie Informationen \u00fcber die Teilnahme an Direktmarketingma\u00dfnahmen.<\/div>\n<div><b><\/b><\/div>\n<div><b>Bonit\u00e4tsauskunft<\/b><\/div>\n<div><\/div>\n<div>Bonit\u00e4tsunterlagen gesch\u00e4ftlich: Einnahmen-\/\u00dcberschussrechnungen, Bilanzen, betriebswirtschaftliche Auswertung, Art und Dauer der Selbst\u00e4ndigkeit.<\/div>\n<div><b><span><br \/>3.<\/span><span>\u00a0\u00a0\u00a0\u00a0<\/span><\/b><b><span>Wof\u00fcr werden Ihre Daten verarbeitet (Zwecke) und auf welcher Rechtsgrundlage?<\/span><\/b><\/div>\n<div><\/div>\n<div>Wir verarbeiten die vorab genannten personenbezogenen Daten im Einklang mit den Bestimmungen der EU-Datenschutz-Grundverordnung (DSGVO) und dem Bundesdatenschutzgesetz (BDSG-neu):<b><\/b><\/div>\n<div><\/div>\n<div>Bei der Verarbeitung von personenbezogenen Daten, f\u00fcr die wir eine Einwilligung der betroffenen Person einholen, dient Art. 6 Abs. 1 Buchstabe a der Datenschutz-Grundverordnung als Rechtsgrundlage.<\/div>\n<div><\/div>\n<div>Bei der Verarbeitung von personenbezogenen Daten, die zur Erf\u00fcllung eines Vertrages erforderlich sind, dessen Vertragspartei die betroffene Person ist, dient Art. 6 Abs. 1 Buchstabe b DSGVO als Rechtsgrundlage. \u00a0Diese Regelung umfasst auch Verarbeitungsvorg\u00e4nge, die zur Durchf\u00fchrung vorvertraglicher Ma\u00dfnahmen erforderlich sind.<\/div>\n<div><\/div>\n<div>Soweit eine Verarbeitung personenbezogener Daten zur Erf\u00fcllung einer rechtlichen Verpflichtung erforderlich ist, der unser Unternehmen unterliegt, dient Art. 6 Abs. 1 Buchstabe c DSGVO als Rechtsgrundlage.<\/div>\n<div><\/div>\n<div>Ist die Verarbeitung zur Wahrung eines berechtigten Interesses unseres Unternehmens oder eines Dritten erforderlich und \u00fcberwiegen die Interessen, Grundrechte und Grundfreiheiten des Betroffenen das erstgenannte Interesse nicht, so dient Art. 6 Abs. 1 Buchstabe f DSGVO als Rechtsgrundlage f\u00fcr die Verarbeitung. Das berechtige Interesse unseres Unternehmens liegt in der Durchf\u00fchrung unserer Gesch\u00e4ftst\u00e4tigkeit.<\/div>\n<div><b><span><br \/>4.<\/span><span>\u00a0\u00a0\u00a0\u00a0<\/span><\/b><b><span>Weitergabe von Daten an Dritte<\/span><\/b><\/div>\n<div><\/div>\n<div>Innerhalb unseres Unternehmens erhalten nur die Personen und Stellen Ihre personenbezogenen Daten, die diese zur Erf\u00fcllung unserer vertraglichen und gesetzlichen Pflichten ben\u00f6tigen.<b><\/b><\/div>\n<div><\/div>\n<div>Wir \u00fcbermitteln Daten an Dritte, sofern wir diese zur Erf\u00fcllung einer vertraglichen Pflicht ben\u00f6tigen.<\/div>\n<div><\/div>\n<div>Eine \u00dcbermittlung an Dritte, \u00fcber die im Rahmen der unter Punkt 3 genannten Zwecke hinaus, findet nicht statt.<\/div>\n<div><\/div>\n<div>Dar\u00fcber hinaus \u00fcbermitteln wir Daten an Dritte, wenn dazu eine rechtliche Verpflichtung besteht. Das ist dann der Fall, wenn staatliche Einrichtungen (z.B. Beh\u00f6rden und \u00c4mter) schriftlich um Auskunft ersuchen, eine richterliche Verf\u00fcgung vorliegt oder eine Rechtsgrundlage die Weitergabe erlaubt.<\/div>\n<div><\/div>\n<div>Sofern wir in Vorleistung treten, z.B. beim Kauf auf Rechnung, behalten wir uns vor, zur Wahrung unserer berechtigten Interessen eine Identit\u00e4ts- und Bonit\u00e4tsauskunft von hierauf spezialisierten Dienstleistungsunternehmen (Wirtschaftsauskunfteien) einzuholen.<u><\/u><\/div>\n<div><b><span><br \/>5.<\/span><span>\u00a0\u00a0\u00a0\u00a0<\/span><\/b><b><span>Weitergabe von Daten an Drittstaaten<\/span><\/b><\/div>\n<div><\/div>\n<div>Eine \u00dcbermittlung von personenbezogenen Daten in sogenannte Drittstaaten au\u00dferhalb des EU\/EWR-Raumes findet nicht statt.<\/div>\n<div><b><span><br \/>6.<\/span><span>\u00a0\u00a0\u00a0\u00a0<\/span><\/b><b><span>Speicherdauer der Daten\/L\u00f6schfristen<\/span><\/b><\/div>\n<div><\/div>\n<div>Wir verarbeiten und speichern Ihre personenbezogenen Daten, solange es f\u00fcr die Erf\u00fcllung unserer vertraglichen Pflichten sowie f\u00fcr alle weiteren unter Punkt 3 genannten Zwecke erforderlich ist oder wie es die vom Gesetzgeber vorgesehenen Aufbewahrungsfristen verlangen.<b><\/b><\/div>\n<div><span><\/span><\/div>\n<div><span>Sind die Daten f\u00fcr die Erf\u00fcllung vertraglicher oder gesetzlicher Pflichten nicht mehr erforderlich, werden diese regelm\u00e4\u00dfig und entsprechend den gesetzlichen Vorschriften f\u00fcr eine weitere Verarbeitung gesperrt oder gel\u00f6scht.<\/span><\/div>\n<div><b><span><br \/>7.<\/span><span>\u00a0\u00a0\u00a0\u00a0<\/span><\/b><b><span>Datenschutzrechte der betroffenen Person<\/span><\/b><\/div>\n<div><\/div>\n<div>Wenn Sie Fragen zu Ihren personenbezogenen Daten haben, k\u00f6nnen Sie sich jederzeit schriftlich an uns wenden.<\/div>\n<div><b><span><br \/>Sie haben nach DSGVO folgende Rechte:<\/span><\/b><\/div>\n<div><b><br \/>Das Recht auf Auskunft (Unterpunkt Art. 15 DSGVO):<\/b><br \/><b><\/b><\/div>\n<div><\/div>\n<div>Sie haben jederzeit das Recht eine Auskunft dar\u00fcber zu erhalten, welche Kategorien und Informationen zu Ihren personenbezogenen Daten von uns zu welchem Zweck verarbeitet und wie lange und nach welchen Kriterien diese Daten gespeichert werden und ob in diesem Zusammenhang eine automatisierte Entscheidungsfindung einschlie\u00dflich Profiling angewendet wird. Au\u00dferdem haben Sie das Recht zu erfahren welche Empf\u00e4nger bzw. Kategorien von Empf\u00e4ngern Ihre Daten offengelegt worden sind oder noch offengelegt werden; insbesondere bei Empf\u00e4ngern in Drittl\u00e4nder oder internationalen Organisationen. In diesem Fall haben Sie auch das Recht \u00fcber geeignete Garantien im Zusammenhang mit der \u00dcbermittlung Ihrer personenbezogenen Daten unterrichtet zu werden.<\/div>\n<div><\/div>\n<div>Neben dem Beschwerderecht bei der Aufsichtsbeh\u00f6rde und dem Informationsrecht \u00fcber die Herkunft Ihrer Daten haben Sie das Recht auf L\u00f6schung, Berichtigung sowie das Recht auf Einschr\u00e4nkung f\u00fcr bzw. Widerspruchsrecht gegen eine Verarbeitung Ihrer personenbezogenen Daten.<\/div>\n<div><\/div>\n<div>In allen oben genannten F\u00e4llen haben Sie das Recht vom Datenbearbeiter eine kostenfreie Kopie Ihrer personenbezogenen Daten, die von uns verarbeitet werden, zu verlangen. F\u00fcr alle weiteren Kopien, die Sie beantragen oder die \u00fcber das Informationsrecht der betroffenen Person hinausgehen, sind wir berechtigt eine angemessene Verwaltungsgeb\u00fchr zu erheben.<\/div>\n<div><b><br \/>Das Recht auf Berichtigung (Art. 16 DSGVO):<\/b><br \/><b><\/b><\/div>\n<div><\/div>\n<div>Sie haben das Recht, der unverz\u00fcglichen Berichtigung Ihrer unrichtigen personenbezogenen Daten zu verlangen und unter Ber\u00fccksichtigung der Zwecke der Verarbeitung, die Vervollst\u00e4ndigung unvollst\u00e4ndiger personenbezogener Daten auch mittels einer erg\u00e4nzenden Erkl\u00e4rung zu verlangen.<\/div>\n<div><\/div>\n<div>M\u00f6chten Sie das Recht auf Berichtigung in Anspruch nehmen, k\u00f6nnen Sie sich jederzeit an unseren Datenschutzbeauftragten oder den f\u00fcr die Verarbeitung Verantwortlichen wenden.<\/div>\n<div><b><br \/>Das Recht auf L\u00f6schung (Art. 17 DSGVO)<br \/><\/b><\/div>\n<div><b><\/b><\/div>\n<div><\/div>\n<div>Sie haben das Recht, die unverz\u00fcgliche L\u00f6schung Ihrer Daten zu verlangen (\u201eRecht auf Vergessenwerden\u201c) insbesondere dann, wenn die Speicherung der Daten nicht mehr notwendig ist, Sie Ihre Einwilligung zur Datenverarbeitung widerrufen, Ihre Daten unrechtm\u00e4\u00dfig verarbeitet wurden oder unrechtm\u00e4\u00dfig erhoben wurden und eine Rechtspflicht zum L\u00f6schen nach EU- oder nationalem Recht besteht.<\/div>\n<p>Das Recht auf Vergessenwerden findet jedoch keine Anwendung, wenn ein \u00fcberwiegendes Recht auf freie Meinungs\u00e4u\u00dferung bzw. der Informationsfreiheit besteht, die Datenspeicherung f\u00fcr die Erf\u00fcllung einer rechtlichen Verpflichtung (z. B. Aufbewahrungspflichten) erforderlich ist, Archivzwecke der L\u00f6schung entgegenstehen oder die Speicherung zur Geltendmachung, Aus\u00fcbung oder Verteidigung von Rechtsanspr\u00fcchen dient.<\/p>\n<p><b>Das Recht auf Einschr\u00e4nkung (Art. 18 DSGVO)<br \/><\/b><span style=\"font-size: 14px;\">Sie haben das Recht auf Einschr\u00e4nkung der Verarbeitung Ihrer Daten durch den f\u00fcr die Verarbeitung Verantwortlichen zu verlangen, wenn die Richtigkeit der Daten von Ihnen bestritten wird, die Verarbeitung unrechtm\u00e4\u00dfig ist, Sie die L\u00f6schung Ihrer personenbezogenen Daten ablehnen und stattdessen eine Einschr\u00e4nkung der Verarbeitung verlangen, wenn die Erforderlichkeit f\u00fcr den Verarbeitungszweck entf\u00e4llt oder Sie der Verarbeitung gem\u00e4\u00df Artikel 21 Absatz 1 widersprochen haben, solange noch nicht feststeht, ob berechtigte Gr\u00fcnde unsererseits gegen\u00fcber Ihren \u00fcberwiegen.<\/span><\/p>\n<p><b><\/b><b><\/b><b>Das Recht auf Daten\u00fcbertragbarkeit (Art. 20 DSGVO)<br \/><\/b><span style=\"font-size: 14px;\">Sie haben das Recht auf \u00dcbertragbarkeit Ihrer personenbezogenen Daten, welche Sie unserem Unternehmen in Form eines g\u00e4ngigen Formates bereitgestellt haben, damit Sie ohne Behinderung Ihre personenbezogenen Daten an einen anderen Verantwortlichen weiterleiten lassen k\u00f6nnen, sofern bspw. Ihrerseits eine Einwilligung vorliegt und die Verarbeitung mittels eines automatisierten Verfahrens erfolgt.<\/span><\/p>\n<div><b><\/b><\/div>\n<div><b><\/b><\/div>\n<div><b><br \/>Das Recht auf Widerspruch (Art. 21 DSGVO)<\/b><\/div>\n<div><\/div>\n<div>Sie haben das Recht, au\u00dfer bei Vorliegen von schutzw\u00fcrdigen Gr\u00fcnden, jederzeit gegen die Verarbeitung Ihrer personenbezogenen Daten Widerspruch einzulegen. Schutzw\u00fcrdige Gr\u00fcnde f\u00fcr eine Datenverarbeitung liegen beispielsweise vor, wenn die Interessen, Rechte und Freiheiten der betroffenen Person \u00fcberwiegen oder die Verarbeitung zur Geltendmachung, Verteidigung und Aus\u00fcbung von Rechtsanspr\u00fcchen dient. Zus\u00e4tzlich k\u00f6nnen Sie auch jederzeit ein gesondertes, ausdr\u00fcckliches Widerspruchsrecht gegen die Verarbeitung von Ihren personenbezogenen Daten zum Zwecke der Direktwerbung aussprechen.<\/div>\n<div><\/div>\n<div><b><\/b><\/div>\n<div><b><br \/>Beschwerderecht bei einer Datenschutzaufsichtsbeh\u00f6rde (Art. 77 DSGVO i. V. m \u00a7 19 BDSG)<\/b><\/div>\n<div><\/div>\n<div><\/div>\n<div>Ihnen wird das Recht zuerkannt, sich bei einer Aufsichtsbeh\u00f6rde zu beschweren, wenn sie der Ansicht sind, dass ein Versto\u00df bei der Verarbeitung Ihrer personenbezogenen Daten vorliegt.<\/div>\n<div><u><\/u><\/div>\n<div><u><br \/><strong>Zust\u00e4ndige Aufsichtsbeh\u00f6rde:<\/strong><\/u><\/div>\n<div><\/div>\n<div>Unabh\u00e4ngiges Landeszentrum f\u00fcr Datenschutz (ULD)<br \/>Marit Hansen \u2013 Landesbeauftragte f\u00fcr Datenschutz Schleswig-Holstein<\/div>\n<div>Holstenstra\u00dfe 98 \u2013 24103 Kiel<\/div>\n<div>Telefon: 0431 988-1200<\/div>\n<div>E-Mail: mail@datenschutzzentrum.de<\/div>\n<div><b><\/b><\/div>\n<div><b><br \/>Recht auf Widerruf einer datenschutzrechtlichen Einwilligung (Art. 7 Abs. 3 DSGVO)<\/b><\/div>\n<div><\/div>\n<div><\/div>\n<div>Eine erteilte Einwilligung f\u00fcr die Verarbeitung Ihrer personenbezogenen Daten k\u00f6nnen Sie jederzeit und ohne Angaben von Gr\u00fcnden widerrufen. Dies gilt auch f\u00fcr den Widerruf von Einwilligungserkl\u00e4rungen, die vor Inkrafttreten der EU-Datenschutz-Grundverordnung, uns gegen\u00fcber erteilt worden ist.<\/div>\n<div><b><span><\/span><\/b><\/div>\n<div><b><span><br \/>8.<\/span><span>\u00a0\u00a0\u00a0\u00a0<\/span><\/b><b><span>Gesetzliche oder vertragliche Vorschriften zur Bereitstellung von personenbezogenen Daten sowie m\u00f6gliche Folgen der Nichtbereitstellung<\/span><\/b><\/div>\n<div><\/div>\n<div><\/div>\n<div>Wir weisen hiermit darauf hin, dass die Bereitstellung von personenbezogenen Daten in bestimmten F\u00e4llen (z.B. Steuervorschriften) gesetzlich vorgeschrieben ist oder sich aus einer vertraglichen Regelungen (z.B. Angaben zum\/des Vertragspartners) ergeben kann. Beispielsweise kann es f\u00fcr einen Vertragsabschluss erforderlich sein, dass die betroffene Person\/der Vertragspartner seine personenbezogenen Daten zur Verf\u00fcgung stellen muss, damit sein Anliegen (z.B. Bestellung) \u00fcberhaupt von uns bearbeitet werden kann. Eine Verpflichtung zur Bereitstellung von personenbezogenen Daten ergibt sich vor allem bei Vertragsabschl\u00fcssen. Sollten in diesem Fall keine personenbezogenen Daten bereitgestellt werden, kann der Vertrag mit der betroffenen Person nicht abgeschlossen werden. Vor einer Bereitstellung personenbezogener Daten durch den Betroffenen kann sich der Betroffene an unseren Datenschutzbeauftragten oder an den f\u00fcr die Verarbeitung Verantwortlichen wenden. Der Datenschutzbeauftragte oder der f\u00fcr die Verarbeitung Verantwortliche kl\u00e4rt dann den Betroffenen dar\u00fcber auf, ob die Bereitstellung der ben\u00f6tigten personenbezogenen Daten gesetzlich oder vertraglich vorgeschrieben bzw. f\u00fcr den Vertragsabschluss erforderlich ist und ob sich aus den Anliegen der betroffenen Person eine Verpflichtung ergibt, die personenbezogenen Daten bereitzustellen bzw. welche Folgen eine Nichtbereitstellung der gew\u00fcnschten Daten f\u00fcr den Betroffenen hat.<\/div>\n<div><b><span><\/span><\/b><\/div>\n<div><b><span><br \/>9.<\/span><span>\u00a0\u00a0\u00a0\u00a0<\/span><\/b><b><span>Gesetzliches Bestehen einer automatisierten Entscheidungsfindung (einschlie\u00dflich Profiling)<\/span><\/b><\/div>\n<div><\/div>\n<div>Als verantwortungsbewusstes Unternehmen verzichten wir bei unseren Gesch\u00e4ftsbeziehungen auf eine automatische Entscheidungsfindung oder ein Profiling<b><span>.<\/span><\/b><\/div>\n<p>[\/et_pb_text][\/et_pb_column][\/et_pb_row][\/et_pb_section]<\/p>\n","protected":false},"excerpt":{"rendered":"<p>DatenschutzArt. 13 DSGVO \u2013 Erhebung und Verarbeitung von Daten \u00a0 \u00a0Wir sind uns der Bedeutung der personenbezogenen Daten, die Sie uns anvertrauen, bewusst. Wir verstehen es als eine unserer wichtigsten Aufgaben, die Vertraulichkeit Ihrer Daten sicherzustellen. Entsprechend der Datenschutz Grundverordnung (DSGVO) m\u00f6chten wir unserer Informationspflicht bei Erhebung von personenbezogenen Daten nachkommen und Sie transparent \u00fcber [&hellip;]<\/p>\n","protected":false},"author":1,"featured_media":0,"parent":0,"menu_order":0,"comment_status":"closed","ping_status":"closed","template":"","meta":{"_et_pb_use_builder":"on","_et_pb_old_content":"","_et_gb_content_width":"","footnotes":""},"_links":{"self":[{"href":"https:\/\/fusspflege-thode-eckernfoerde.de\/startseite\/wp-json\/wp\/v2\/pages\/63"}],"collection":[{"href":"https:\/\/fusspflege-thode-eckernfoerde.de\/startseite\/wp-json\/wp\/v2\/pages"}],"about":[{"href":"https:\/\/fusspflege-thode-eckernfoerde.de\/startseite\/wp-json\/wp\/v2\/types\/page"}],"author":[{"embeddable":true,"href":"https:\/\/fusspflege-thode-eckernfoerde.de\/startseite\/wp-json\/wp\/v2\/users\/1"}],"replies":[{"embeddable":true,"href":"https:\/\/fusspflege-thode-eckernfoerde.de\/startseite\/wp-json\/wp\/v2\/comments?post=63"}],"version-history":[{"count":7,"href":"https:\/\/fusspflege-thode-eckernfoerde.de\/startseite\/wp-json\/wp\/v2\/pages\/63\/revisions"}],"predecessor-version":[{"id":146,"href":"https:\/\/fusspflege-thode-eckernfoerde.de\/startseite\/wp-json\/wp\/v2\/pages\/63\/revisions\/146"}],"wp:attachment":[{"href":"https:\/\/fusspflege-thode-eckernfoerde.de\/startseite\/wp-json\/wp\/v2\/media?parent=63"}],"curies":[{"name":"wp","href":"https:\/\/api.w.org\/{rel}","templated":true}]}}